se 4
2030001120
-25b0 (base 16) to base 4
-2112300
19bac (base 15) to base 10
83637
-111101101111111 (base 2) to base 4
-13231333
Convert -41ca9 (base 16) to base 12.
-10bb49
5582a2 (base 12) to base 4
11030202122
What is -1130022141 (base 5) in base 10?
-2579671
What is -111001111001001011100 (base 2) in base 16?
-1cf25c
30111 (base 10) to base 14
ad8b
a63567 (base 12) to base 13
708c4c
What is -211504 (base 8) in base 14?
-1b976
What is 15217 (base 11) in base 13?
9a72
Convert -387b8 (base 13) to base 12.
-50641
What is -4c32d5 (base 14) in base 12?
-a64a0b
What is 41472d (base 14) in base 5?
1030431401
Convert -2203246 (base 10) to base 11.
-1275371
What is -22214110 (base 6) in base 3?
-1021002100120
What is -566187b (base 12) in base 16?
-fc899f
11212122000210 (base 3) to base 10
2590887
What is -6046312 (base 9) in base 4?
-30102000332
Convert -1a443 (base 14) to base 15.
-14b69
Convert -1788a (base 16) to base 3.
-11220020011
What is -54533 (base 14) in base 7?
-1506663
Convert -201110010112 (base 3) to base 8.
-1353544
What is -8b748 (base 14) in base 13?
-bb37c
What is -1467666 (base 8) in base 4?
-1212332312
What is 14a58a5 (base 13) in base 9?
13384264
Convert -2b11666 (base 12) to base 10.
-8732526
-bbc799 (base 14) to base 13
-1421a67
Convert -3696 (base 14) to base 6.
-112100
Convert 4245552 (base 6) to base 4.
302330030
10001001120010 (base 3) to base 9
3031503
-12020122132 (base 4) to base 14
-2dba90
Convert 26203378 (base 9) to base 3.
220020010102122
What is 212312101032 (base 4) in base 11?
5826232
-100100100100100011 (base 2) to base 9
-247428
What is -b665b (base 15) in base 4?
-2031100001
-87828 (base 11) to base 6
-2422003
What is -16163405 (base 8) in base 6?
-211532341
What is -10011101111010001101 (base 2) in base 15?
-cb99c
What is -5233f (base 16) in base 11?
-20aa74
What is -171676 (base 8) in base 3?
-10011121001
4422424321 (base 5) to base 15
c928ab
211af0 (base 16) to base 5
1023411314
1009608 (base 11) to base 2
110110011100111010010
202200001020 (base 3) to base 12
177513
What is -189637 (base 10) in base 14?
-4d177
-500b1b (base 15) to base 8
-16374520
Convert 225b6a1 (base 12) to base 11.
37a3714
What is -90401 (base 13) in base 10?
-257726
Convert -2322244214 (base 5) to base 15.
-6e2e24
Convert -1177805 (base 13) to base 8.
-24517555
445042 (base 10) to base 4
1230221302
What is 6adb (base 14) in base 11?
12a95
Convert 203632 (base 11) to base 3.
121121100210
What is -1303101 (base 5) in base 14?
-9385
Convert 8e08e2 (base 16) to base 11.
528858a
What is 200010342 (base 5) in base 9?
1421587
20210021120 (base 3) to base 7
1064352
What is -910 (base 13) in base 7?
-4321
What is 2894d (base 16) in base 5?
20304341
Convert 278b0 (base 13) to base 9.
122447
What is 123c70 (base 13) in base 4?
1222232011
-8a9f72 (base 16) to base 12
-3061496
What is 27a197 (base 11) in base 5?
103010001
What is 4726123 (base 8) in base 15?
1a7034
What is -1224443 (base 6) in base 10?
-65835
-1746110 (base 8) to base 11
-319a5a
23612665 (base 8) to base 16
4f15b5
Convert -1566335 (base 13) to base 14.
-cab0a1
Convert -2af11d (base 16) to base 11.
-1652418
What is 11112233 (base 4) in base 14?
7dcb
What is 2665554 (base 7) in base 13?
c460b
Convert -82301 (base 10) to base 3.
-11011220012
What is -209514 (base 10) in base 4?
-303021222
Convert -a4615a (base 11) to base 8.
-6313676
What is -740344 (base 11) in base 4?
-10201220130
-1003332034 (base 5) to base 11
-1154314
Convert -11143020 (base 5) to base 9.
-161754
What is -10011202011212 (base 3) in base 4?
-12130003112
What is -412a26 (base 14) in base 2?
-1000011000011011001010
What is 784c63 (base 13) in base 4?
22310332210
What is -a131 (base 15) in base 11?
-23619
Convert -7c6a1 (base 15) to base 13.
-10b556
Convert -1335101 (base 11) to base 3.
-11100010102201
Convert -185618 (base 9) to base 6.
-2251325
What is 4d072a (base 14) in base 11?
1551633
-1001001020 (base 3) to base 7
-113415
What is -110010220002 (base 3) in base 16?
-3a5b9
Convert -11010011110111000010 (base 2) to base 8.
-3236702
-695148 (base 10) to base 3
-1022022120020
Convert 267d92 (base 14) to base 10.
1328028
Convert 494032 (base 10) to base 14.
cc080
What is -20200321323 (base 4) in base 9?
-4171563
342949 (base 10) to base 4
1103232211
What is -111001010011010 (base 2) in base 5?
-1414323
Convert 102321220010 (base 4) to base 13.
1046243
Convert 1213121001 (base 4) to base 15.
85729
Convert 2de81 (base 16) to base 4.
231322001
Convert 10dc17 (base 15) to base 11.
5005a2
What is 4b999a (base 12) in base 5?
304143030
-201310323 (base 6) to base 15
-47b740
15941 (base 14) to base 5
3211312
What is -1320132113 (base 4) in base 2?
-1111000011110010111
What is -50314 (base 7) in base 2?
-10111110000011
Convert 476803 (base 11) to base 9.
1371488
What is -100001011011101010110 (base 2) in base 3?
-2001122202110
14fab9 (base 16) to base 3
2120212000102
3230232 (base 5) to base 8
153433
What is -5027999 (base 11) in base 6?
-514412333
What is 11d10 (base 15) in base 2?
1101111001101100
What is -1100001110001001 (base 2) in base 7?
-265640
123220602 (base 7) to base 4
131301022122
What is -69192 (base 12) in base 9?
-233312
Convert -1202120001021 (base 3) to base 6.
-32021354
1111011110011101110 (base 2) to base 9
852564
2010012220211 (base 3) to base 6
40050034
What is 11000001001000000 (base 2) in base 14?
2806c
What is -8486d (base 14) in base 3?
-121020220201
What is 723703 (base 14) in base 5?
1441214312
What is 3121220323 (base 4) in base 16?
d9a3b
Convert 9c005 (base 16) to base 8.
2340005
Convert 11010001011010010 (base 2) to base 8.
321322
344022 (base 5) to base 8
30143
20772140 (base 8) to base 9
8337012
Convert -10655420 (base 7) to base 12.
-39300b
What is 1010311120 (base 4) in base 9?
468671
Convert -13003431 (base 5) to base 13.
-45172
Convert -1122521 (base 10) to base 3.
-2010000210212
Convert -11100012210011 (base 3) to base 16.
-233437
What is 222110202121220 (base 3) in base 7?
230403420
Convert -186782 (base 9) to base 4.
-130131020
-62472 (base 10) to base 7
-350064
Convert -30b975 (base 13) to base 3.
-2010220022202
5682 (base 9) to base 2
1000001101101
21222222121002 (base 3) to base 15
58e958
Convert 3a721 (base 11) to base 5.
3324403
42919 (base 12) to base 8
253245
-5111810 (base 9) to base 2
-1010011001000101101001
Convert 121001020220 (base 3) to base 5.
40101333
Convert -19a62 (base 14) to base 3.
-10022101021
-3cd7e (base 16) to base 11
-160269
What is -3ad5be (base 15) in base 16?
-2b2cf2
What is -1753136 (base 11) in base 6?
-143443020
4290a (base 11) to base 2
1111001101110101
Convert 2255543 (base 6) to base 13.
41118
What is 36ab4 (base 16) in base 12?
a9704
Convert 11342120 (base 5) to base 13.
3928c
What is -10011001000011111010001 (base 2) in base 9?
-10383873
Convert -455682 (base 9) to base 6.
-5504502
Convert -10100100001001011011 (base 2) to base 16.
-a425b
-2565c9 (base 16) to base 15
-3362c9
222102200012 (base 3) to base 11
325981
Convert -47103 (base 10) to base 13.
-18594
Convert 19db62 (base 15) to base 10.
1261442
What is -9c9d74 (base 14) in base 16?
-514f72
What is 60672 (base 12) in base 3?
20100222012
580244 (base 9) to base 4
1110330133
Convert c93c3 (base 13) to base 9.
613153
What is 531251 (base 6) in base 12?
20b27
What is 183313 (base 10) in base 15?
394ad
Convert -22614530 (base 7) to base 2.
-111100101001011000001
Convert -1443400044 (base 5) to base 7.
-45020614
Convert 4b4b23 (base 12) to base 6.
42223243
Convert 1220223332 (base 4) to base 12.
188192
Convert 55033c (base 14) to base 13.
79b942
Convert 121332323 (base 4) to base 16.
19fbb
-100322 (base 10) to base 6
-2052242
-6607361 (base 8) to base 14
-342361
a701b2 (base 13) to base 2
1110111011010111010011
-113201211 (base 7) to base 8
-32467572
Convert -11002112101120 (base 3) to base 10.
-2175621
2f96b4 (base 16) to base 5
1244300042
Convert -645265 (base 8) to base 10.
-215733
10212130111 (base 5) to base 16
a2ada1
111f9 (base 16) to base 6
1300413
-57157 (base 14) to base 9
-352177
What is 76556 (base 12) in base 8?
461222
Convert -234551 (base 8) to base 5.
-10031413
27852 (base 11) to base 4
21223020
What is 44d80 (base 16) in base 11?
18294a
Convert -22121 (base 3) to base 9.
-277
